when 26 is divided by n.
12
Let w(d) = -2*d - 43 + 12 + 13*d**2 + 15 + 17. Suppose -3*v - 3*y = -v - 11, 0 = 2*v - y + 1. What is the remainder when 45 is divided by w(v)?
9
Suppose 0 = -y + 17 + 21. Let r(t) be the second derivative of 13*t**4/12 - 2*t. What is the remainder when y is divided by r(-1)?
12
Let j(w) = w**3 - 18*w**2 + 15*w + 36. Calculate the remainder when 7 is divided by j(17).
1
Let p(v) = -v + 7. Let l be p(-5). Suppose -l = -s + 20. Calculate the remainder when s is divided by 17.
15
Suppose 5*f - 37 = -2*r, 8*r - 40 = -5*f + 3*r. What is the remainder when 31 is divided by f?
3
Suppose 0 = -5*g + 15, -2*m + 5*g = 3*g - 218. Suppose -4*n - m = -2*h, 0 = 2*h + 3*h - 3*n - 273. What is the remainder when h is divided by 14?
12
Suppose -5*n = -4*n - 21. What is the remainder when 41 - 0*(-2)/(-4) is divided by n?
20
Let u = -35 + 77. What is the remainder when 79 is divided by u?
37
Suppose y + 4*n + 0*n - 37 = 0, 3*y + 3*n - 84 = 0. Calculate the remainder when 94 is divided by y.
19
Suppose -u + 4 = -1. Suppose u*i - 2*i - 12 = 0. Let f(n) = 3*n**2 - n. Calculate the remainder when f(2) is divided by i.
2
Let g = 100 + -59. Calculate the remainder when g is divided by 14.
13
Let r = -1 + -1. Let f(g) = -g**3 - 2*g**2 - 2*g - 1. What is the remainder when 11 is divided by f(r)?
2
Suppose -5*n = 3*x - 225, 0*n = 3*x - 2*n - 225. Let b be 1/(1*1/2). Suppose q - x = -b*q. What is the remainder when q is divided by 9?
7
Let j(b) = -b**2 - 6*b + 1. Let x be j(-3). Suppose x = 3*d - 5. Suppose 2*k = 5*p + 49, 6*p - 70 = -d*k + p. Calculate the remainder when 33 is divided by k.
16
Let j be 3 + -1*(0 - -1). Suppose -3 = -j*n + 9. Let a(q) = -2*q**3 + 2*q**2 + 3*q + 3. What is the remainder when a(-2) is divided by n?
3
Suppose 0 = 3*u - 253 + 31. What is the remainder when u is divided by 16?
10
Suppose 0 = 5*d + 2*j - 85 - 83, 4*d + 4*j - 132 = 0. Suppose -2*g - 3*u + 12 = 0, g - 2*g - 2*u + 5 = 0. What is the remainder when d is divided by g?
7
Suppose l = 5*h - 17, -4*l - 11 = 2*h - 3*h. Suppose 2 = -2*a + 6. Calculate the remainder when h is divided by a.
1
Let c = -45 - -63. What is the remainder when 62 is divided by c?
8
Let s = 25 + -11. What is the remainder when 39 is divided by s?
11
Let u = 47 - 39. What is the remainder when 22 is divided by u?
6
Let o = 122 - 108. What is the remainder when 28 is divided by o?
0
Suppose -5*z = -2*z. Suppose -5*q - v = -68 - 107, z = -4*v. Calculate the remainder when q is divided by 12.
11
Let i = 108 + 0. What is the remainder when i is divided by 28?
24
Let o(i) = 3*i**2 + 2. Let r(b) = 6*b**2 - b + 4. Let c(n) = -5*o(n) + 3*r(n). Calculate the remainder when 14 is divided by c(2).
6
Let c be (-2)/6 + (-2)/(-6). Let s(y) = y**3 - y**2 - y + 2. Let t be s(0). Suppose t*l - 5*l + 18 = c. What is the remainder when 11 is divided by l?
5
Suppose 6 = -2*l + 3*l. Suppose -l*s + s = -525. Suppose -59 = -4*v + s. Calculate the remainder when v is divided by 14.
13
Suppose -h + 0 = 1. What is the remainder when 47 is divided by h/(-7) - 501/(-21)?
23
Suppose 8*h - 14*h = -270. Calculate the remainder when h is divided by 8.
5
Let g(l) = l**2 - 10*l + 2. Let w be g(8). Let q = w + 42. Calculate the remainder when q is divided by ((-10)/(-3))/((-2)/(-6)).
8
Suppose 107 = 5*a - 33. What is the remainder when 194 is divided by a?
26
Suppose -3*s = -8*s + 95. Suppose -b - s = -2*b. What is the remainder when b is divided by 10?
9
Let s(m) = -38*m - 6. Calculate the remainder when s(-2) is divided by 15.
10
Suppose -4*t - 208 = -4*z, z + 3*t - 17 = 23. Let i(l) = -l**2 - 9*l + 9. Calculate the remainder when z is divided by i(-8).
15
Let f(n) = -n**2 - 10*n + 1. Suppose u - 8 = 2*u. Let y(l) = l**2. What is the remainder when y(-7) is divided by f(u)?
15
Let x be 1/(4/144*3). Calculate the remainder when 23 is divided by -1 + -1 + 2 + x.
11
Let c = -2 + 4. Suppose c*d = 6*d - 52. Calculate the remainder when 50 is divided by d.
11
Let x = 21 - -14. Calculate the remainder when x is divided by 19.
16
Let l = -21 + 45. Let s = l - 86. Let m = 96 + s. What is the remainder when m is divided by 18?
16
Let w be (-120)/(-28) - (-2)/(-7). Let o be w/8 + 2/4. Calculate the remainder when 8 is divided by -1*2*o - -5.
2
Suppose 5*g = -0*g + 15. Suppose -t = -g*n - 37, -2*n - 5 = -3*n. Calculate the remainder when t is divided by 27.
25
Let q be 1 + -2 + 42 + 2. Let x = 73 - q. Calculate the remainder when x is divided by 16.
14
Let y = 81 - 16. Suppose 2*h = -3*h + y. Let d(k) = k**3 + 5*k**2 - 7*k - 1. What is the remainder when h is divided by d(-6)?
3
Let g = 11 + -1. Suppose 0*m = 5*k + 2*m - 93, -21 = -k + 2*m. What is the remainder when k is divided by g?
9
What is the remainder when 15 is divided by (-3)/(-6) - (-15)/2?
7
Suppose 0 = 5*n - 5*c - 45, 3*c + 21 = -0*n + 2*n. Let a(h) = -h**2 + 14*h - 15. Let b be a(12). Calculate the remainder when 19 is divided by 3/(b/n) - -8.
9
Calculate the remainder when (-2 - -1)/(2/(-282)) - -1 is divided by 24.
22
Let g = -33 - -38. What is the remainder when g is divided by 3?
2
Suppose -h + 5*h = 0. Suppose -14*x + 16*x - 4 = h. Calculate the remainder when 4 is divided by x.
0
Let i = 84 - 77. Let l(j) = -j**3 + 8*j**2 - 5*j - 10. What is the remainder when i is divided by l(7)?
3
Let f = -145 + 247. Suppose 2*y = y - 56. Let j = y + f. Calculate the remainder when j is divided by 16.
14
Suppose -4*b + 0*v = -v - 344, -5*b + 2*v = -430. What is the remainder when (-21)/14*b/(-3) is divided by 15?
13
Let p(f) = f**2 + 15*f + 32. Calculate the remainder when p(-17) is divided by 12.
6
Let q be ((-14)/6)/((-4)/24). Suppose 0 = 2*s - q - 0. What is the remainder when s is divided by 3?
1
Let r be (-20)/8*4/(-5). Suppose -3*z = -5*d - 70, -2*z + 7*z + r*d = 65. What is the remainder when (-2)/(-4)*(-116)/(-2) is divided by z?
14
Suppose -2*z + 9 + 1 = 0. Let d(o) = -2*o**2 + 9*o + 19. Let g be d(8). Let r = -19 - g. Calculate the remainder when r is divided by z.
3
Let y(n) = -2*n**3 + 15*n**2 - n - 7. Calculate the remainder when y(6) is divided by 24.
23
Suppose -m + 2*m = 0. Suppose m = -3*p + 13 + 20. Calculate the remainder when p is divided by 3.
2
Let a be 4 + -4 + -1 + 5. Let x(b) = 0*b + a*b - 2*b - b. What is the remainder when 19 is divided by x(7)?
5
Let f(a) = 5*a + 70. Let n = -6 + 8. Suppose 34 = n*v - 2*l, 2*l - 11 + 3 = -v. What is the remainder when f(-6) is divided by v?
12
Let q(t) = -4*t - 4. Calculate the remainder when q(-16) is divided by 9.
6
Suppose -2 = 3*w - 8. Suppose -c = -w*j - 3, 0*j = j - 4. Suppose 4*z + k = 4*k + 180, 0 = -2*z - 3*k + 72. Calculate the remainder when z is divided by c.
9
Let t = 6 - 4. Let k be ((-12)/(-1))/(t/(-2)). What is the remainder when 15 is divided by k/(-2) + 1 + 1?
7
Let h be (-6)/33 - 369/(-33). Let d(k) = -k**2 + 12*k + 12. Calculate the remainder when d(h) is divided by 8.
7
Calculate the remainder when 22 is divided by (3 - 0) + (13 - 10).
4
Let s = -87 + 123. What is the remainder when 141 is divided by s?
33
Let u(d) = -d**3 + 5*d**2 - 2*d - 5. Calculate the remainder when u(4) is divided by 2.
1
Let m(q) = -69*q + 1. Calculate the remainder when m(-2) is divided by 20.
19
Let g be (-229)/(-7) + (-4)/(-14). Let m = 56 - g. Calculate the remainder when m is divided by 6.
5
Let b = 146 + -86. Calculate the remainder when b is divided by 21.
18
Let u = 8 - 4. Let i(l) = -5*l + 3 + u*l**3 - 6*l - 3*l**3 - 6*l**2. What is the remainder when i(8) is divided by 15?
13
Suppose -10 = 5*k - 45. Calculate the remainder when 36 is divided by k.
1
Suppose -2*o = -5*v + 195, 3*v - 7*o - 117 = -3*o. What is the remainder when 116 is divided by v?
38
Let f(q) = q**3 - 3*q**2 - q. What is the remainder when (0 + 1)*110/5 is divided by f(4)?
10
Suppose 158 - 17 = x. Suppose -3*k - 108 = -3*a, -3*k = -a - 3*a + x. What is the remainder when 63 is divided by a?
30
Let h = -201 - -102. Let v be (-2)/(-4) - h/2. Suppose -2*w - 4*k = -v, 101 = 5*w - 2*k + 6*k. What is the remainder when 50 is divided by w?
16
Suppose -5*f - 4*y - 55 = 4, 4*f + 45 = -y. Let b = f - -19. What is the remainder when b is divided by 3?
2
Suppose 0 = -k - 2*k + 75. Calculate the remainder when k is divided by 13.
12
Let g be (2/3)/((-2)